, what is -5 - -9560632?
9560629
In base 10, what is -2825478 - -14?
-2825464
In base 4, what is -10 + 233300113021?
233300113011
In base 11, what is 238a + 33723?
36002
In base 11, what is -61a - 8585?
-90a4
In base 7, what is -141105 - -10203?
-130602
In base 2, what is 1001 - -101101011111011010011000?
101101011111011010100001
In base 11, what is 285 + 185a3?
18878
In base 11, what is -5a4860 - 169?
-5a4a19
In base 13, what is -221 - -27c?
5b
In base 2, what is 10000110100111001011100011 + -100?
10000110100111001011011111
In base 6, what is 33420004515 + -3?
33420004512
In base 13, what is -2 - -a2bc3?
a2bc1
In base 6, what is -15023435 + 45?
-15023350
In base 10, what is 4286484 - 20?
4286464
In base 12, what is 1002118 - 1?
1002117
In base 10, what is -4 - 4795830?
-4795834
In base 5, what is 2 - 102003021123?
-102003021121
In base 4, what is 2021111203023 - -1?
2021111203030
In base 12, what is 1012b36 + 4?
1012b3a
In base 3, what is -11020122 - -2111011001?
2022220102
In base 8, what is -106 - 2001733?
-2002041
In base 14, what is 336d89 + -2?
336d87
In base 7, what is 612500 - -1625?
614425
In base 12, what is 38 + -7510b?
-75093
In base 16, what is -93f365 - -8?
-93f35d
In base 6, what is 1334205 + -11222?
1322543
In base 11, what is -156 - -377676?
377520
In base 15, what is -22 + 5de24?
5de02
In base 11, what is -13a8 - -a9035?
a7738
In base 12, what is 4a4 + 64903?
651a7
In base 9, what is -7001 - -58333?
51332
In base 12, what is 5a3a3b0 - 3?
5a3a3a9
In base 7, what is -2006 - 1335613?
-1340622
In base 6, what is -4241421321 + 3?
-4241421314
In base 9, what is -31726 + 36?
-31680
In base 12, what is 8197 - -3377?
b552
In base 14, what is -3100b + -6?
-31013
In base 9, what is 11 + 23165407?
23165418
In base 11, what is -849a + -2183?
-a672
In base 2, what is -100000100101 - -10110011000001?
10010010011100
In base 8, what is -353 - -22570?
22215
In base 8, what is -6526413665 - 0?
-6526413665
In base 7, what is 4 - -5400200633?
5400200640
In base 14, what is 129 - -22334?
2245d
In base 5, what is 2113101042 - 1041?
2113100001
In base 4, what is -3123200 + 2211302?
-311232
In base 3, what is -20021011220101 - -11?
-20021011220020
In base 2, what is -10011010 - -111000110000101000?
111000101110001110
In base 2, what is 1001010011000 - 10000010011?
111010000101
In base 16, what is -56c6 + -3bab?
-9271
In base 9, what is -1047143764 - -2?
-1047143762
In base 4, what is -112120013133 - -203?
-112120012330
In base 16, what is 15c07b + 6?
15c081
In base 6, what is -4 + 22353351?
22353343
In base 6, what is -3524502532 + -5?
-3524502541
In base 7, what is -2 - 5620131?
-5620133
In base 13, what is -4b5c9 - -31?
-4b598
In base 15, what is 395ece - -3?
395ed2
In base 2, what is 1001011011110111100001001100 - -1000?
1001011011110111100001010100
In base 14, what is 720470 - 5?
720469
In base 11, what is 4a4 - -2195?
2689
In base 10, what is -119734 - 2971?
-122705
In base 7, what is -3 + -2116436?
-2116442
In base 12, what is 9227 - a70?
8377
In base 16, what is -32fdc + 6?
-32fd6
In base 14, what is -5 - a168d7?
-a168dc
In base 12, what is 3912a - 15?
39115
In base 13, what is -2b42 - 586?
-33c8
In base 4, what is -103221332 - 20113?
-103302111
In base 6, what is 202210 - -1331?
203541
In base 4, what is -12002 + 203200200?
203122132
In base 9, what is -10604642 - -7?
-10604634
In base 6, what is 544 - -131241051?
131242035
In base 4, what is 2332312 + -100321?
2231331
In base 13, what is 4 - -47737b2b?
47737b32
In base 2, what is 10 + -10111110001101011101111?
-10111110001101011101101
In base 9, what is 25504 - 540?
24854
In base 2, what is -10001111000010001101000100101 - -10?
-10001111000010001101000100011
In base 11, what is -1 - -9346342?
9346341
In base 12, what is 4b46a + -b4?
4b376
In base 11, what is -3a27484 - -3?
-3a27481
In base 2, what is -10100001110100110 + 1100001?
-10100001101000101
In base 12, what is 1 + -10b673?
-10b672
In base 11, what is 11 + 14619a?
146200
In base 5, what is -4213044014 - 2?
-4213044021
In base 2, what is 11111110 - 1001011110?
-101100000
In base 7, what is 224350 + -3?
224344
In base 4, what is -1302120111 - -320?
-1302113131
In base 13, what is -15a99 + -1c02?
-1799b
In base 2, what is 111101000 - 10001111?
101011001
In base 12, what is -74 - 15830a?
-158382
In base 13, what is -614251 - -5?
-614249
In base 11, what is 1a80 + -6453?
-4483
In base 10, what is -1 - -202335903?
202335902
In base 2, what is 11100110000110001 + 101000010?
11100110101110011
In base 15, what is 14a0 - 1e4d7?
-1d037
In base 10, what is -976069 + -6?
-976075
In base 2, what is -1101111011000001110100 - -1011011?
-1101111011000000011001
In base 13, what is -1c9014c + 3?
-1c90149
In base 12, what is 8b3625 + 44?
8b3669
In base 2, what is 10011101001000 + 10000000011000100?
10010100000001100
In base 9, what is 5267503 - 8?
5267484
In base 14, what is 65c - 4d33a?
-4cabc
In base 11, what is -1904 - -4540?
2737
In base 8, what is 5723025 + 40?
5723065
In base 3, what is -20 + 101221202021200?
101221202021110
In base 5, what is -210 + 1401221032?
1401220322
In base 13, what is 45964cb + 0?
45964cb
In base 13, what is -695b3a7 - 3?
-695b3aa
In base 4, what is 22230221133 + -1120?
22230220013
In base 11, what is 84 - 758196?
-758112
In base 14, what is -2235 - 106d?
-32a4
In base 5, what is -4030 + 304200?
300120
In base 11, what is 4 + 1992051a?
19920523
In base 3, what is 2000121 - 201011?
1022110
In base 8, what is 4 - 17007604?
-17007600
In base 16, what is 6919a - 4?
69196
In base 16, what is ee8 + 22b?
1113
In base 16, what is -24d8ca2a + -2?
-24d8ca2c
In base 5, what is 1 - 310002133002?
-310002133001
In base 11, what is 396708 + -23?
396695
In base 15, what is 53bb - 2396?
3025
In base 8, what is 504 - 35774?
-35270
In base 11, what is -1821909 + -6?
-1821914
In base 8, what is 731 - -42544?
43475
In base 10, what is 133851319 + 4?
133851323
In base 8, what is -133100 - 224?
-133324
In base 9, what is 14 - 86484688?
-86484674
In base 15, what is -1 + -7cba64?
-7cba65
In base 9, what is 180 - -44104?
44284
In base 12, what is 2a427 - -a4?
2a50b
In base 16, what is -afb - 3e?
-b39
In base 14, what is 1 - -6701b63?
6701b64
In base 13, what is 1 + 45c576?
45c577
In base 7, what is 665631 - -503?
666434
In base 12, what is -115b24 - -23a?
-1158a6
In base 14, what is -d - 150c772?
-150c781
In base 9, what is 4280684 - 4?
4280680
In base 2, what is 100011001000 + 11100110101100101?
11101011000101101
In base 15, what is -2 - -19b20b?
19b209
In base 8, what is -3 - 542024471?
-542024474
In base 7, what is -10 + -2622560?
-2622600
In base 12, what is 45 - -26b1b8?
26b241
In base 9, what is -150 + -16665?
-16825
In base 4, what is 131232 - -110130013?
110321311
In base 14, what is -2c91 - d258?
-12109
In base 7, what is 21 - 1636425?
-1636404
In base 7, what is 250425 + 356?
251114
In base 3, what is -100202201021 + -100012?
-100210001110
In base 2, what is 1011000101011100011000101 + 101?
1011000101011100011001010
In base 15, what is d + -9578a37?
-9578a29
In base 5, what is 2122143 - 1144?
2120444
In base 8, what is -6 - 27417352?
-27417360
In base 12, what is 115b91 - -79?
11604a
In base 4, what is -1111 + -30021320?
-30023031
In base 5, what is 41 - -2233442211?
2233442302
In base 6, what is 10255513 + -15?
10255454
In base 6, what is -3 + 12520443544?
12520443541
In base 3, what is -21 + 2201102212222?
2201102212201
In base 13, what is -2 + 57ca4b?
57ca49
In base 11, what is 14a + 3675?
3814
In base 7, what is 3146 - -460060?
463236
In base 14, what is -7 - cb522a6?
-cb522ad
In base 14, what is 208661 + 3?
208664
In base 7, what is 14 + -12556622?
-12556605
In base 13, what is 17 - -9001?
9018
In base 15, what is -15 + 48b9e?
48b89
In base 3, what is 202222100211 - -1?
202222100212
In base 14, what is -96a2d9 - -10?
-96a2c9
In base 11, what is 7 + 1979639?
1979645
In base 14, what is -28 - -8d747?
8d71d
In base 11, what is -5924 - 19937?
-24760
In base 4, what is -20022 - -123301?
103213
In base 10, what is 17 - -537358?
537375
In base 16, what is -7cf6 + -368b?
-b381
In base 13, what is -778339 + 5?
-778334
In base 16, what is 28cbe + 198?
28e56
In base 12, what is 5 - -622829?
622832
In base 10, what is -46 + -47233?
-47279
I